{"id":146,"date":"2017-04-22T14:15:26","date_gmt":"2017-04-22T13:15:26","guid":{"rendered":"https:\/\/weydner-volkmann.de\/?page_id=146"},"modified":"2023-09-07T10:30:43","modified_gmt":"2023-09-07T09:30:43","slug":"conference-organisations","status":"publish","type":"page","link":"https:\/\/weydner-volkmann.de\/?page_id=146","title":{"rendered":"Conferences held"},"content":{"rendered":"\n<h2 class=\"wp-block-heading\">&#8220;Mensch-Maschine-Interaktion und Informationsdarstellung.<br>Philosophische Perspektiven auf KI-Anwendungen&#8221; (20\u201321 April 2023)<\/h2>\n\n\n\n<p><em>Conference hosted by the Junior Professorship for Ethics of Digital Methods and Technologies at the Ruhr-University Bochum <\/em><\/p>\n\n\n\n<h3 class=\"wp-block-heading\">Scientific coordinators:<\/h3>\n\n\n\n<ul class=\"wp-block-list\">\n<li>Sebastian Weydner-Volkmann (Ruhr University Bochum)<\/li>\n\n\n\n<li>Martina Philippi (Ruhr University Bochum)<\/li>\n<\/ul>\n\n\n\n<h3 class=\"wp-block-heading\">Conference topic:<\/h3>\n\n\n\n<p>K\u00fcnstliche Intelligenz ist heute weitl\u00e4ufig pr\u00e4sent, in vielen F\u00e4llen auch ohne dass es uns bewusst ist. KI-gest\u00fctzte Softwarel\u00f6sungen pr\u00e4gen unsere Internetrecherchen, erledigen Aufgaben in Alltag, Forschung und im kommerziellen Bereich, unterst\u00fctzen Bildung, erm\u00f6glichen Barrierefreiheit und bieten Kommunikationsschnittstellen in der Nachbildung zwischenmenschlicher Interaktion. Zugleich sammeln diese Technologien Wissen \u00fcber uns, greifen in unsere Handlungsm\u00f6glichkeiten ein, formen unsere Identit\u00e4t, pr\u00e4gen unsere Wahrnehmung.<\/p>\n\n\n\n<p>Gerade die Philosophie kann durch ihre besonderen Perspektiven und ihre Methoden Wege aufzeigen, diese Risiken vor dem Hintergrund allgegenw\u00e4rtiger Techniknutzung zu reflektieren. Aus ethischer Perspektive werden Risiken unter Stichworten wie Autonomie, Privatsph\u00e4re und Vertrauensw\u00fcrdigkeit beleuchtet und k\u00f6nnen in Kodizes zur Anwendung von KI \u00fcberf\u00fchrt werden. Damit verwoben sind erkenntnistheoretische, anthropologische und technikhistorische Fragestellungen, die die kritische Betrachtung von K\u00fcnstlicher Intelligenz um weitere Aspekte bereichern. Der Workshop m\u00f6chte mit einem gr\u00fcndlichen Blick auf Kontexte und Konzepte die Reichweite dieser ethischen und technikphilosophischen Perspektiven anhand verschiedener Anwendungsf\u00e4lle von K\u00fcnstlicher Intelligenz ausloten.<\/p>\n\n\n\n<p><em>A German language meeting report by Philipp Zimmermann, Sarah Becker and Isabel Wrobel has been published by the Journal for Technology Assessment in Theory and Practice (TATuP) <a rel=\"noreferrer noopener\" href=\"https:\/\/doi.org\/10.14512\/tatup.32.2.68\" data-type=\"link\" data-id=\"https:\/\/doi.org\/10.14512\/tatup.32.2.68\" target=\"_blank\">here (open access)<\/a>.<\/em><\/p>\n\n\n\n<p><a rel=\"noopener\" href=\"https:\/\/edmt-workshop.blogs.ruhr-uni-bochum.de\/wp-content\/uploads\/2023\/04\/Poster-Workshop-final.pdf\" target=\"_blank\">Conference Programme<\/a> | <a href=\"https:\/\/edmt-workshop.blogs.ruhr-uni-bochum.de\">Conference Website<\/a> | <a href=\"https:\/\/doi.org\/10.14512\/tatup.32.2.68\" data-type=\"link\" data-id=\"https:\/\/doi.org\/10.14512\/tatup.32.2.68\">Meeting report (German, TATuP)<\/a><\/p>\n\n\n\n<h2 class=\"wp-block-heading\">&#8220;New Philosophical Perspectives on Surveillance and Control: Beyond the Privacy versus Security Debate&#8221; (5\u20136 November 2015)<\/h2>\n\n\n\n<p><em>FRIAS Junior Researcher Conference, Freiburg<\/em><\/p>\n\n\n\n<h3 class=\"wp-block-heading\">Scientific coordinators:<\/h3>\n\n\n\n<ul class=\"wp-block-list\">\n<li>Elisa Orr\u00f9 (Centre for Security and Society and Husserl-Archive)<\/li>\n\n\n\n<li>Sebastian Volkmann (Centre for Security and Society and Husserl-Archive)<\/li>\n\n\n\n<li>Maria Grazia Porcedda (European University Institute)<\/li>\n<\/ul>\n\n\n\n<h3 class=\"wp-block-heading\">Conference topic:<\/h3>\n\n\n\n<p>Issues of surveillance and control have been tremendously present in the media&#8217;s headlines in the past decade and many examples can be named: The debate about the deployment of body scanners at airports raised strong objections to what some people considered a \u201cvirtual strip search\u201d; the continued legal and political battle over communications data retention across Europe once again reignited after the Paris terrorist attacks in 2015; the revelation of a vast network of surveillance programmes conducted by the NSA resulted a continued debate about governmental overreach and the existence of a digital surveillance state. All these examples unveil two recurring and related features of security-orientated surveillance and control: the pervasive use of technologies able to collect personal information and the preventative, intelligence-led approach to public and national security.<\/p>\n\n\n\n<p>Both in and outside academia, the current debate consequently features questions mostly framed in terms of a privacy versus security dilemma or a trade-off model: in order to achieve (more) security, we have to sacrifice (a quantum of) privacy.<\/p>\n\n\n\n<p>However, it is patent that the impact of large-scale surveillance measures goes far beyond security and privacy matters. On the one hand, techniques of surveillance and control are indispensable tools for exercising and generating power and for establishing social order. On the other hand, the negative effects can reach as far as threatening the very fabric of social and democratic life. This can happen, for example, by \u201cchilling\u201d the societal climate to a point where citizens refrain from taking legitimate actions in fear of negative repercussions.<\/p>\n\n\n\n<p>Although such aspects of surveillance and control are widely known, we are still missing a theoretical framework to fully understand their meaning and consequences. The workshop aims at bringing together leading experts and young researchers in order to discuss the implications of practices of surveillance and control for contemporary societies. We strive to identify the most promising philosophical paths to developing theoretical tools that will allow us to better understand those challenges, which are likely to shape much of the 21st century.<\/p>\n\n\n\n<p><a href=\"https:\/\/www.frias.uni-freiburg.de\/downloads\/veranstaltungen\/juniorconference_orru\">Conference Programme<\/a> | <a href=\"https:\/\/www.frias.uni-freiburg.de\/de\/veranstaltungen\/nachwuchskonferenzen\/beyond-privacy-and-security\">Conference Website<\/a><\/p>\n\n\n\n<h2 class=\"wp-block-heading\">&#8220;Sicherheit in einer offenen Gesellschaft: Technische, rechtliche und moralische Herausforderungen durch neue Sicherheitstechnologien&#8221; (6&nbsp;November&nbsp;2012)<\/h2>\n\n\n\n<p><em>PhD-Symposium at the\u00a0Centre for Security and Society, Freiburg<\/em><\/p>\n\n\n\n<h3 class=\"wp-block-heading\">Organisers:<\/h3>\n\n\n\n<ul class=\"wp-block-list\">\n<li>Lena Sophie Eckert<\/li>\n\n\n\n<li>Sebastian Volkmann<\/li>\n\n\n\n<li>Stefan Weidemann<\/li>\n<\/ul>\n\n\n\n<p>Sicherheitstechnologien transformieren in zunehmendem Ma\u00dfe das Leben in unserer Gesellschaft. Die Folgen des Einsatzes von Sicherheitstechnologien f\u00fcr Individuum und \u00d6ffentlichkeit sind jedoch ambivalent zu bewerten. So verspricht etwa die automatische Auswertung digitaler Spuren in sozialen Netzwerken einerseits gr\u00f6\u00dferen Schutz (z.B. vor Amokl\u00e4ufern), andererseits k\u00f6nnen derartige Ma\u00dfnahmen schnell selbst zur Bedrohung f\u00fcr grundlegende gesellschaftliche Werte werden (z.B. f\u00fcr den Schutz der Privatsph\u00e4re) und das Fundament der offenen Gesellschaft&nbsp;schleichend aush\u00f6hlen. Diese Bedenken k\u00f6nnen zum Teil zwar durch weitere rein technische Ma\u00dfnahmen ausger\u00e4umt werden. Letztlich m\u00fcssen derartige Ans\u00e4tze jedoch fr\u00fchzeitig in einem l\u00f6sungsorientierten&nbsp;Dialog zwischen Sicherheitstechnikern und Sicherheitsethikern reflektiert werden, dessen Ziel der Erhalt der offenen Gesellschaft ist.<\/p>\n\n\n\n<p>Im Rahmen des Symposiums werden Doktorandinnen und Doktroanden aus den vielf\u00e4ltigen Disziplinen der Sicherheitsforschung ihre Forschungsprojekte und Ans\u00e4tze pr\u00e4sentieren und zur Diskussion stellen.<\/p>\n\n\n\n<p><a href=\"https:\/\/weydner-volkmann.de\/wp-content\/uploads\/2017\/04\/CSS-Doktorandensymposium2012.pdf\">Conference Programme (PDF)<\/a><\/p>\n","protected":false},"excerpt":{"rendered":"<p>&#8220;Mensch-Maschine-Interaktion und Informationsdarstellung.Philosophische Perspektiven auf KI-Anwendungen&#8221; (20\u201321 April 2023) Conference hosted by the Junior Professorship for Ethics of Digital Methods and Technologies at the Ruhr-University Bochum Scientific coordinators: Conference topic: K\u00fcnstliche Intelligenz ist heute weitl\u00e4ufig pr\u00e4sent, in vielen F\u00e4llen auch ohne dass es uns bewusst ist. KI-gest\u00fctzte Softwarel\u00f6sungen pr\u00e4gen unsere Internetrecherchen, erledigen Aufgaben in Alltag,&#8230;<\/p>\n","protected":false},"author":1,"featured_media":0,"parent":9,"menu_order":0,"comment_status":"closed","ping_status":"closed","template":"","meta":{"footnotes":""},"class_list":["post-146","page","type-page","status-publish","hentry"],"_links":{"self":[{"href":"https:\/\/weydner-volkmann.de\/index.php?rest_route=\/wp\/v2\/pages\/146","targetHints":{"allow":["GET"]}}],"collection":[{"href":"https:\/\/weydner-volkmann.de\/index.php?rest_route=\/wp\/v2\/pages"}],"about":[{"href":"https:\/\/weydner-volkmann.de\/index.php?rest_route=\/wp\/v2\/types\/page"}],"author":[{"embeddable":true,"href":"https:\/\/weydner-volkmann.de\/index.php?rest_route=\/wp\/v2\/users\/1"}],"replies":[{"embeddable":true,"href":"https:\/\/weydner-volkmann.de\/index.php?rest_route=%2Fwp%2Fv2%2Fcomments&post=146"}],"version-history":[{"count":8,"href":"https:\/\/weydner-volkmann.de\/index.php?rest_route=\/wp\/v2\/pages\/146\/revisions"}],"predecessor-version":[{"id":763,"href":"https:\/\/weydner-volkmann.de\/index.php?rest_route=\/wp\/v2\/pages\/146\/revisions\/763"}],"up":[{"embeddable":true,"href":"https:\/\/weydner-volkmann.de\/index.php?rest_route=\/wp\/v2\/pages\/9"}],"wp:attachment":[{"href":"https:\/\/weydner-volkmann.de\/index.php?rest_route=%2Fwp%2Fv2%2Fmedia&parent=146"}],"curies":[{"name":"wp","href":"https:\/\/api.w.org\/{rel}","templated":true}]}}

<h2 class="wp-block-heading">&#8220;Mensch-Maschine-Interaktion und Informationsdarstellung.<br>Philosophische Perspektiven auf KI-Anwendungen&#8221; (20–21 April 2023)</h2>



<p><em>Conference hosted by the Junior Professorship for Ethics of Digital Methods and Technologies at the Ruhr-University Bochum </em></p>



<h3 class="wp-block-heading">Scientific coordinators:</h3>



<ul class="wp-block-list">
<li>Sebastian Weydner-Volkmann (Ruhr University Bochum)</li>



<li>Martina Philippi (Ruhr University Bochum)</li>
</ul>



<h3 class="wp-block-heading">Conference topic:</h3>



<p>Künstliche Intelligenz ist heute weitläufig präsent, in vielen Fällen auch ohne dass es uns bewusst ist. KI-gestützte Softwarelösungen prägen unsere Internetrecherchen, erledigen Aufgaben in Alltag, Forschung und im kommerziellen Bereich, unterstützen Bildung, ermöglichen Barrierefreiheit und bieten Kommunikationsschnittstellen in der Nachbildung zwischenmenschlicher Interaktion. Zugleich sammeln diese Technologien Wissen über uns, greifen in unsere Handlungsmöglichkeiten ein, formen unsere Identität, prägen unsere Wahrnehmung.</p>



<p>Gerade die Philosophie kann durch ihre besonderen Perspektiven und ihre Methoden Wege aufzeigen, diese Risiken vor dem Hintergrund allgegenwärtiger Techniknutzung zu reflektieren. Aus ethischer Perspektive werden Risiken unter Stichworten wie Autonomie, Privatsphäre und Vertrauenswürdigkeit beleuchtet und können in Kodizes zur Anwendung von KI überführt werden. Damit verwoben sind erkenntnistheoretische, anthropologische und technikhistorische Fragestellungen, die die kritische Betrachtung von Künstlicher Intelligenz um weitere Aspekte bereichern. Der Workshop möchte mit einem gründlichen Blick auf Kontexte und Konzepte die Reichweite dieser ethischen und technikphilosophischen Perspektiven anhand verschiedener Anwendungsfälle von Künstlicher Intelligenz ausloten.</p>



<p><em>A German language meeting report by Philipp Zimmermann, Sarah Becker and Isabel Wrobel has been published by the Journal for Technology Assessment in Theory and Practice (TATuP) <a rel="noreferrer noopener" href="https://doi.org/10.14512/tatup.32.2.68" data-type="link" data-id="https://doi.org/10.14512/tatup.32.2.68" target="_blank">here (open access)</a>.</em></p>



<p><a rel="noopener" href="https://edmt-workshop.blogs.ruhr-uni-bochum.de/wp-content/uploads/2023/04/Poster-Workshop-final.pdf" target="_blank">Conference Programme</a> | <a href="https://edmt-workshop.blogs.ruhr-uni-bochum.de">Conference Website</a> | <a href="https://doi.org/10.14512/tatup.32.2.68" data-type="link" data-id="https://doi.org/10.14512/tatup.32.2.68">Meeting report (German, TATuP)</a></p>



<h2 class="wp-block-heading">&#8220;New Philosophical Perspectives on Surveillance and Control: Beyond the Privacy versus Security Debate&#8221; (5–6 November 2015)</h2>



<p><em>FRIAS Junior Researcher Conference, Freiburg</em></p>



<h3 class="wp-block-heading">Scientific coordinators:</h3>



<ul class="wp-block-list">
<li>Elisa Orrù (Centre for Security and Society and Husserl-Archive)</li>



<li>Sebastian Volkmann (Centre for Security and Society and Husserl-Archive)</li>



<li>Maria Grazia Porcedda (European University Institute)</li>
</ul>



<h3 class="wp-block-heading">Conference topic:</h3>



<p>Issues of surveillance and control have been tremendously present in the media&#8217;s headlines in the past decade and many examples can be named: The debate about the deployment of body scanners at airports raised strong objections to what some people considered a “virtual strip search”; the continued legal and political battle over communications data retention across Europe once again reignited after the Paris terrorist attacks in 2015; the revelation of a vast network of surveillance programmes conducted by the NSA resulted a continued debate about governmental overreach and the existence of a digital surveillance state. All these examples unveil two recurring and related features of security-orientated surveillance and control: the pervasive use of technologies able to collect personal information and the preventative, intelligence-led approach to public and national security.</p>



<p>Both in and outside academia, the current debate consequently features questions mostly framed in terms of a privacy versus security dilemma or a trade-off model: in order to achieve (more) security, we have to sacrifice (a quantum of) privacy.</p>



<p>However, it is patent that the impact of large-scale surveillance measures goes far beyond security and privacy matters. On the one hand, techniques of surveillance and control are indispensable tools for exercising and generating power and for establishing social order. On the other hand, the negative effects can reach as far as threatening the very fabric of social and democratic life. This can happen, for example, by “chilling” the societal climate to a point where citizens refrain from taking legitimate actions in fear of negative repercussions.</p>



<p>Although such aspects of surveillance and control are widely known, we are still missing a theoretical framework to fully understand their meaning and consequences. The workshop aims at bringing together leading experts and young researchers in order to discuss the implications of practices of surveillance and control for contemporary societies. We strive to identify the most promising philosophical paths to developing theoretical tools that will allow us to better understand those challenges, which are likely to shape much of the 21st century.</p>



<p><a href="https://www.frias.uni-freiburg.de/downloads/veranstaltungen/juniorconference_orru">Conference Programme</a> | <a href="https://www.frias.uni-freiburg.de/de/veranstaltungen/nachwuchskonferenzen/beyond-privacy-and-security">Conference Website</a></p>



<h2 class="wp-block-heading">&#8220;Sicherheit in einer offenen Gesellschaft: Technische, rechtliche und moralische Herausforderungen durch neue Sicherheitstechnologien&#8221; (6&nbsp;November&nbsp;2012)</h2>



<p><em>PhD-Symposium at the Centre for Security and Society, Freiburg</em></p>



<h3 class="wp-block-heading">Organisers:</h3>



<ul class="wp-block-list">
<li>Lena Sophie Eckert</li>



<li>Sebastian Volkmann</li>



<li>Stefan Weidemann</li>
</ul>



<p>Sicherheitstechnologien transformieren in zunehmendem Maße das Leben in unserer Gesellschaft. Die Folgen des Einsatzes von Sicherheitstechnologien für Individuum und Öffentlichkeit sind jedoch ambivalent zu bewerten. So verspricht etwa die automatische Auswertung digitaler Spuren in sozialen Netzwerken einerseits größeren Schutz (z.B. vor Amokläufern), andererseits können derartige Maßnahmen schnell selbst zur Bedrohung für grundlegende gesellschaftliche Werte werden (z.B. für den Schutz der Privatsphäre) und das Fundament der offenen Gesellschaft&nbsp;schleichend aushöhlen. Diese Bedenken können zum Teil zwar durch weitere rein technische Maßnahmen ausgeräumt werden. Letztlich müssen derartige Ansätze jedoch frühzeitig in einem lösungsorientierten&nbsp;Dialog zwischen Sicherheitstechnikern und Sicherheitsethikern reflektiert werden, dessen Ziel der Erhalt der offenen Gesellschaft ist.</p>



<p>Im Rahmen des Symposiums werden Doktorandinnen und Doktroanden aus den vielfältigen Disziplinen der Sicherheitsforschung ihre Forschungsprojekte und Ansätze präsentieren und zur Diskussion stellen.</p>



<p><a href="https://weydner-volkmann.de/wp-content/uploads/2017/04/CSS-Doktorandensymposium2012.pdf">Conference Programme (PDF)</a></p>

<p>&#8220;Mensch-Maschine-Interaktion und Informationsdarstellung.Philosophische Perspektiven auf KI-Anwendungen&#8221; (20–21 April 2023) Conference hosted by the Junior Professorship for Ethics of Digital Methods and Technologies at the Ruhr-University Bochum Scientific coordinators: Conference topic: Künstliche Intelligenz ist heute weitläufig präsent, in vielen Fällen auch ohne dass es uns bewusst ist. KI-gestützte Softwarelösungen prägen unsere Internetrecherchen, erledigen Aufgaben in Alltag,&#8230;</p>
